{"id":1098,"date":"2021-01-21T17:03:43","date_gmt":"2021-01-21T16:03:43","guid":{"rendered":"https:\/\/www.irancultura.it\/iranart\/?page_id=1098"},"modified":"2021-12-29T14:39:33","modified_gmt":"2021-12-29T13:39:33","slug":"adesione","status":"publish","type":"page","link":"https:\/\/www.irancultura.it\/iranart\/adesione\/","title":{"rendered":"ADESIONE"},"content":{"rendered":"<p>[et_pb_section fb_built=&#8221;1&#8243; admin_label=&#8221;section&#8221; _builder_version=&#8221;4.8.1&#8243; background_image=&#8221;https:\/\/www.irancultura.it\/iranart\/wp-content\/uploads\/2021\/01\/art-gallery-55-1.jpg&#8221; custom_padding=&#8221;38px||11px|||&#8221; global_colors_info=&#8221;{}&#8221;][et_pb_row admin_label=&#8221;row&#8221; _builder_version=&#8221;3.25&#8243; background_size=&#8221;initial&#8221; background_position=&#8221;top_left&#8221; background_repeat=&#8221;repeat&#8221; global_colors_info=&#8221;{}&#8221;][et_pb_column type=&#8221;4_4&#8243; _builder_version=&#8221;3.25&#8243; custom_padding=&#8221;|||&#8221; global_colors_info=&#8221;{}&#8221; custom_padding__hover=&#8221;|||&#8221;][et_pb_text _builder_version=&#8221;4.8.1&#8243; text_font=&#8221;||||||||&#8221; header_font=&#8221;||||||||&#8221; header_2_font=&#8221;Prata|500||on|||||&#8221; header_2_text_color=&#8221;#2f4673&#8243; header_2_font_size=&#8221;18px&#8221; header_2_line_height=&#8221;1.3em&#8221; header_3_font=&#8221;|700||on|||||&#8221; header_3_text_color=&#8221;rgba(0,0,0,0.35)&#8221; header_3_font_size=&#8221;12px&#8221; header_3_letter_spacing=&#8221;5px&#8221; header_3_line_height=&#8221;2em&#8221; transform_translate_linked=&#8221;off&#8221; text_orientation=&#8221;center&#8221; max_width=&#8221;700px&#8221; module_alignment=&#8221;center&#8221; header_2_font_size_tablet=&#8221;16px&#8221; header_2_font_size_phone=&#8221;14px&#8221; header_2_font_size_last_edited=&#8221;on|phone&#8221; locked=&#8221;off&#8221; global_colors_info=&#8221;{}&#8221;]<\/p>\n<h2>ADERISCI AL PROGETTO VIRTUAL GALLERY <\/h2>\n<p>[\/et_pb_text][et_pb_text _builder_version=&#8221;4.8.1&#8243; _module_preset=&#8221;default&#8221; global_colors_info=&#8221;{}&#8221;]Istituto cultura della repubblica islamoca dell\u2019iran sta realizzando un  ricco calendario di iniziative nel campo delle arti visive  per dare la possibilit\u00e0 agli artisti di esporre le loro opere sulla nostra piattaforma realizzando eventi e le mostre virtuali . [\/et_pb_text][\/et_pb_column][\/et_pb_row][\/et_pb_section][et_pb_section fb_built=&#8221;1&#8243; _builder_version=&#8221;4.4.2&#8243; background_image=&#8221;https:\/\/www.irancultura.it\/iranart\/wp-content\/uploads\/2021\/01\/art-gallery-55-1.jpg&#8221; custom_padding=&#8221;6px|||||&#8221; border_width_bottom=&#8221;1px&#8221; border_color_bottom=&#8221;rgba(51,51,51,0.17)&#8221; locked=&#8221;off&#8221; global_colors_info=&#8221;{}&#8221;][et_pb_row column_structure=&#8221;1_5,1_5,1_5,1_5,1_5&#8243; use_custom_gutter=&#8221;on&#8221; gutter_width=&#8221;2&#8243; _builder_version=&#8221;4.8.1&#8243; width=&#8221;100%&#8221; custom_padding=&#8221;8px||||false|false&#8221; scroll_fade_enable=&#8221;on&#8221; scroll_fade=&#8221;34|70|70|100|0|100|100&#8243; motion_trigger_start=&#8221;top&#8221; locked=&#8221;off&#8221; global_colors_info=&#8221;{}&#8221;][et_pb_column type=&#8221;1_5&#8243; _builder_version=&#8221;3.25&#8243; custom_padding=&#8221;|||&#8221; global_colors_info=&#8221;{}&#8221; custom_padding__hover=&#8221;|||&#8221;][et_pb_image src=&#8221;https:\/\/www.irancultura.it\/iranart\/wp-content\/uploads\/2021\/01\/5.jpg&#8221; title_text=&#8221;5&#8243; align=&#8221;center&#8221; admin_label=&#8221;pittura&#8221; _builder_version=&#8221;4.14.4&#8243; hover_enabled=&#8221;0&#8243; border_width_all=&#8221;20px&#8221; border_color_all=&#8221;#ffffff&#8221; border_width_all_last_edited=&#8221;off|desktop&#8221; box_shadow_style=&#8221;preset4&#8243; box_shadow_horizontal=&#8221;0px&#8221; box_shadow_vertical=&#8221;0px&#8221; box_shadow_spread=&#8221;1px&#8221; box_shadow_color=&#8221;rgba(0,0,0,0.34)&#8221; global_colors_info=&#8221;{}&#8221; box_shadow_color__hover=&#8221;#000000&#8243; box_shadow_color__hover_enabled=&#8221;on&#8221; border_width_all__hover=&#8221;30px&#8221; border_width_all__hover_enabled=&#8221;on&#8221; sticky_enabled=&#8221;0&#8243;][\/et_pb_image][et_pb_text ul_position=&#8221;inside&#8221; admin_label=&#8221;pittura&#8221; _builder_version=&#8221;4.8.1&#8243; text_font=&#8221;||||||||&#8221; ul_font=&#8221;||||||||&#8221; header_font=&#8221;|700|||||||&#8221; header_font_size=&#8221;20px&#8221; header_line_height=&#8221;1.3em&#8221; header_3_font=&#8221;Prata|700||on|||||&#8221; header_3_text_color=&#8221;#2f4673&#8243; header_3_font_size=&#8221;14px&#8221; header_3_line_height=&#8221;1.3em&#8221; text_orientation=&#8221;center&#8221; text_text_align=&#8221;center&#8221; locked=&#8221;off&#8221; global_colors_info=&#8221;{}&#8221;]<\/p>\n<h3>PITTURA<\/h3>\n<p>[\/et_pb_text][\/et_pb_column][et_pb_column type=&#8221;1_5&#8243; _builder_version=&#8221;3.25&#8243; custom_padding=&#8221;|||&#8221; global_colors_info=&#8221;{}&#8221; custom_padding__hover=&#8221;|||&#8221;][et_pb_image src=&#8221;https:\/\/www.irancultura.it\/iranart\/wp-content\/uploads\/2021\/01\/7.jpg&#8221; title_text=&#8221;7&#8243; url=&#8221;@ET-DC@eyJkeW5hbWljIjp0cnVlLCJjb250ZW50IjoicG9zdF9saW5rX3VybF9wYWdlIiwic2V0dGluZ3MiOnsicG9zdF9pZCI6IjEwOTkifX0=@&#8221; align=&#8221;center&#8221; admin_label=&#8221;scultura&#8221; _builder_version=&#8221;4.8.1&#8243; _dynamic_attributes=&#8221;url&#8221; border_width_all=&#8221;20px&#8221; border_color_all=&#8221;#ffffff&#8221; border_width_all_last_edited=&#8221;off|desktop&#8221; box_shadow_style=&#8221;preset4&#8243; box_shadow_horizontal=&#8221;0px&#8221; box_shadow_vertical=&#8221;0px&#8221; box_shadow_spread=&#8221;1px&#8221; box_shadow_color=&#8221;rgba(0,0,0,0.34)&#8221; global_colors_info=&#8221;{}&#8221; box_shadow_color__hover=&#8221;#000000&#8243; box_shadow_color__hover_enabled=&#8221;on&#8221; border_width_all__hover=&#8221;30px&#8221; border_width_all__hover_enabled=&#8221;on&#8221;][\/et_pb_image][et_pb_text ul_position=&#8221;inside&#8221; admin_label=&#8221;Scultura&#8221; _builder_version=&#8221;4.8.1&#8243; text_font=&#8221;||||||||&#8221; ul_font=&#8221;||||||||&#8221; header_font=&#8221;|700|||||||&#8221; header_font_size=&#8221;20px&#8221; header_line_height=&#8221;1.3em&#8221; header_3_font=&#8221;Prata|700||on|||||&#8221; header_3_text_color=&#8221;#2f4673&#8243; header_3_font_size=&#8221;14px&#8221; header_3_line_height=&#8221;1.3em&#8221; text_orientation=&#8221;center&#8221; text_text_align=&#8221;center&#8221; locked=&#8221;off&#8221; global_colors_info=&#8221;{}&#8221;]<\/p>\n<h3>SCULTURA<\/h3>\n<p>[\/et_pb_text][\/et_pb_column][et_pb_column type=&#8221;1_5&#8243; _builder_version=&#8221;3.25&#8243; custom_padding=&#8221;|||&#8221; global_colors_info=&#8221;{}&#8221; custom_padding__hover=&#8221;|||&#8221;][et_pb_image src=&#8221;https:\/\/www.irancultura.it\/iranart\/wp-content\/uploads\/2021\/01\/9.jpg&#8221; title_text=&#8221;9&#8243; url=&#8221;@ET-DC@eyJkeW5hbWljIjp0cnVlLCJjb250ZW50IjoicG9zdF9saW5rX3VybF9wYWdlIiwic2V0dGluZ3MiOnsicG9zdF9pZCI6Ijk3In19@&#8221; align=&#8221;center&#8221; admin_label=&#8221;grafica&#8221; _builder_version=&#8221;4.8.1&#8243; _dynamic_attributes=&#8221;url&#8221; border_width_all=&#8221;20px&#8221; border_color_all=&#8221;#ffffff&#8221; border_width_all_last_edited=&#8221;off|desktop&#8221; box_shadow_style=&#8221;preset4&#8243; box_shadow_horizontal=&#8221;0px&#8221; box_shadow_vertical=&#8221;0px&#8221; box_shadow_spread=&#8221;1px&#8221; box_shadow_color=&#8221;rgba(0,0,0,0.34)&#8221; global_colors_info=&#8221;{}&#8221; box_shadow_color__hover=&#8221;#000000&#8243; box_shadow_color__hover_enabled=&#8221;on&#8221; border_width_all__hover=&#8221;30px&#8221; border_width_all__hover_enabled=&#8221;on&#8221;][\/et_pb_image][et_pb_text ul_position=&#8221;inside&#8221; admin_label=&#8221;Grafica&#8221; _builder_version=&#8221;4.8.1&#8243; text_font=&#8221;||||||||&#8221; ul_font=&#8221;||||||||&#8221; header_font=&#8221;|700|||||||&#8221; header_font_size=&#8221;20px&#8221; header_line_height=&#8221;1.3em&#8221; header_3_font=&#8221;Prata|700||on|||||&#8221; header_3_text_color=&#8221;#2f4673&#8243; header_3_font_size=&#8221;14px&#8221; header_3_line_height=&#8221;1.3em&#8221; text_orientation=&#8221;center&#8221; text_text_align=&#8221;center&#8221; locked=&#8221;off&#8221; global_colors_info=&#8221;{}&#8221;]<\/p>\n<h3>GRAFICA<\/h3>\n<p>[\/et_pb_text][\/et_pb_column][et_pb_column type=&#8221;1_5&#8243; _builder_version=&#8221;3.25&#8243; custom_padding=&#8221;|||&#8221; global_colors_info=&#8221;{}&#8221; custom_padding__hover=&#8221;|||&#8221;][et_pb_image src=&#8221;https:\/\/www.irancultura.it\/iranart\/wp-content\/uploads\/2021\/01\/6.jpg&#8221; title_text=&#8221;6&#8243; url=&#8221;@ET-DC@eyJkeW5hbWljIjp0cnVlLCJjb250ZW50IjoicG9zdF9saW5rX3VybF9wYWdlIiwic2V0dGluZ3MiOnsicG9zdF9pZCI6IjI4NiJ9fQ==@&#8221; align=&#8221;center&#8221; admin_label=&#8221;fotografia&#8221; _builder_version=&#8221;4.8.1&#8243; _dynamic_attributes=&#8221;url&#8221; border_width_all=&#8221;20px&#8221; border_color_all=&#8221;#ffffff&#8221; border_width_all_last_edited=&#8221;off|desktop&#8221; box_shadow_style=&#8221;preset4&#8243; box_shadow_horizontal=&#8221;0px&#8221; box_shadow_vertical=&#8221;0px&#8221; box_shadow_spread=&#8221;1px&#8221; box_shadow_color=&#8221;rgba(0,0,0,0.34)&#8221; global_colors_info=&#8221;{}&#8221; box_shadow_color__hover=&#8221;#000000&#8243; box_shadow_color__hover_enabled=&#8221;on&#8221; border_width_all__hover_enabled=&#8221;on&#8221; border_width_all__hover=&#8221;30px&#8221;][\/et_pb_image][et_pb_text ul_position=&#8221;inside&#8221; admin_label=&#8221;fotografia&#8221; _builder_version=&#8221;4.8.1&#8243; text_font=&#8221;||||||||&#8221; ul_font=&#8221;||||||||&#8221; header_font=&#8221;|700|||||||&#8221; header_font_size=&#8221;20px&#8221; header_line_height=&#8221;1.3em&#8221; header_3_font=&#8221;Prata|700||on|||||&#8221; header_3_text_color=&#8221;#2f4673&#8243; header_3_font_size=&#8221;14px&#8221; header_3_line_height=&#8221;1.3em&#8221; text_orientation=&#8221;center&#8221; text_text_align=&#8221;center&#8221; locked=&#8221;off&#8221; global_colors_info=&#8221;{}&#8221;]<\/p>\n<h3>FOTOGRAFICA<\/h3>\n<p>[\/et_pb_text][\/et_pb_column][et_pb_column type=&#8221;1_5&#8243; _builder_version=&#8221;3.25&#8243; custom_padding=&#8221;|||&#8221; global_colors_info=&#8221;{}&#8221; custom_padding__hover=&#8221;|||&#8221;][et_pb_image src=&#8221;https:\/\/www.irancultura.it\/iranart\/wp-content\/uploads\/2021\/01\/2.jpg&#8221; title_text=&#8221;2&#8243; url=&#8221;@ET-DC@eyJkeW5hbWljIjp0cnVlLCJjb250ZW50IjoicG9zdF9saW5rX3VybF9wYWdlIiwic2V0dGluZ3MiOnsicG9zdF9pZCI6IjI4NiJ9fQ==@&#8221; align=&#8221;center&#8221; admin_label=&#8221;tanto altro&#8221; _builder_version=&#8221;4.8.1&#8243; _dynamic_attributes=&#8221;url&#8221; border_width_all=&#8221;20px&#8221; border_color_all=&#8221;#ffffff&#8221; border_width_all_last_edited=&#8221;off|desktop&#8221; box_shadow_style=&#8221;preset4&#8243; box_shadow_horizontal=&#8221;0px&#8221; box_shadow_vertical=&#8221;0px&#8221; box_shadow_spread=&#8221;1px&#8221; box_shadow_color=&#8221;rgba(0,0,0,0.34)&#8221; global_colors_info=&#8221;{}&#8221; box_shadow_color__hover=&#8221;#000000&#8243; box_shadow_color__hover_enabled=&#8221;on&#8221; border_width_all__hover_enabled=&#8221;on&#8221; border_width_all__hover=&#8221;30px&#8221;][\/et_pb_image][et_pb_text ul_position=&#8221;inside&#8221; admin_label=&#8221;tanto altro &#8221; _builder_version=&#8221;4.8.1&#8243; text_font=&#8221;||||||||&#8221; ul_font=&#8221;||||||||&#8221; header_font=&#8221;|700|||||||&#8221; header_font_size=&#8221;20px&#8221; header_line_height=&#8221;1.3em&#8221; header_3_font=&#8221;Prata|700||on|||||&#8221; header_3_text_color=&#8221;#2f4673&#8243; header_3_font_size=&#8221;14px&#8221; header_3_line_height=&#8221;1.3em&#8221; text_orientation=&#8221;center&#8221; text_text_align=&#8221;center&#8221; locked=&#8221;off&#8221; global_colors_info=&#8221;{}&#8221;]<\/p>\n<h3>TANTO ALTRO<\/h3>\n<p>[\/et_pb_text][\/et_pb_column][\/et_pb_row][et_pb_row column_structure=&#8221;3_4,1_4&#8243; _builder_version=&#8221;4.9.0&#8243; _module_preset=&#8221;default&#8221; custom_padding=&#8221;17px||19px|||&#8221; global_colors_info=&#8221;{}&#8221;][et_pb_column type=&#8221;3_4&#8243; _builder_version=&#8221;4.9.0&#8243; _module_preset=&#8221;default&#8221; global_colors_info=&#8221;{}&#8221;][et_pb_toggle title=&#8221;REGOLAMENTO Iran Art Gallery Virtual Exhibition&#8221; closed_toggle_background_color=&#8221;#d94b2b&#8221; _builder_version=&#8221;4.9.0&#8243; _module_preset=&#8221;default&#8221; title_text_color=&#8221;#FFFFFF&#8221; border_radii=&#8221;off|20px||20px|&#8221; global_colors_info=&#8221;{}&#8221;]<\/p>\n<p>PREMESSA<br \/> Crediamo fortemente che il mondo dell\u2019arte debba essere sostenuto e<br \/> incentivato, come tutte le altre attivit\u00e0 produttive e ancor pi\u00f9 perch\u00e8 la creativit\u00e0 e l\u2019ingegno sono da sempre stati lo stimolo di rinascita in periodi di difficolt\u00e0.<\/p>\n<p>Il programma Iran Art Gallery \u00e8 rivolto a tutti gli artisti i quali svolgono un\u2019attivit\u00e0 di valore artistico che contribuisce a valorizzare, tutelare, sostenere e comunicare l\u2019immagine culturale dell\u2019Iran nel mondo.<br \/> Gli artisti che si aderiscono al progetto Iran Art Gallery diventano parte della rete del progetto. Gli artisti aderenti al progetto beneficiano di diverse opportunit\u00e0 e ricevono visibilit\u00e0 sui nostri canali di comunicazione aggiuntivi quali social media, testate online, carta<br \/> stampata<\/p>\n<p>REGOLAMENTO<\/p>\n<p>Art. 1: OGGETTO DELLA MOSTRA<\/p>\n<p>Oggetto del presente regolamente \u00e8 la realizzazione di una mostra internazionale virtuale di artisti affiliati al progetto Iran Art Gallery con lo scopo di aumentare la visibilit\u00e0 di ciascuno e<br \/> aprire a nuove collaborazioni tra l\u2019Istituto Culturale dell\u2019Iran e gli artisti stesso. Ogni artista potr\u00e0 farsi conoscere a livello internazionale grazie allo strumento innovativo della tecnologia online. Pertanto la mostra internazionale si svolger\u00e0 in modalit\u00e0 virtuale direttamente sulla piattaforma www.irancultura.it\/iranart .<\/p>\n<p>Art. 2 : SOGGETTO PROMOTORE<\/p>\n<p>La mostra internazionale virtuale viene promossa dall\u2019Istituto Culturale dell\u2019Iran a Roma con la collaborazione delle istituzioni con la natura giuridica o le persone fisiche.<\/p>\n<p>Art. 3 SOGGETTO ORGANIZZATORE DELLA MOSTRA ONLINE<\/p>\n<p>Istituto Culturale dell\u2019Iran con la sede a Roma in via Maria Pezz\u00e8 Pascolato, 9<\/p>\n<p>Art. 4: MODALIT\u00c0 DI ISCRIZIONE E PRESENTAZIONE DELLE OPERE<\/p>\n<p>L\u2019iscrizione al progetto \u00e8 gratuita e per la partecipazione al progetto si chiede l\u2019invio di 10 foto delle opere per artista. La segreteria organizzativa del progetto si occupa del controllo manuale del materiale inviato che dovr\u00e0 essere inerente ai requisiti tecnici richiesti e rispettare i termini e le condizioni indicati ai successivi paragrafi, validazione materiale, caricamento sul sito e pubblicazione<br \/> nell\u2019apposita sezione della mostra.<br \/> Per partecipare alla mostra \u00e8 necessario:<br \/> 1. Sottoscrivere al presente progetto<br \/> 2. collegarsi alla pagina della mostra : <span style=\"color: #e02b20;\"><strong><span style=\"text-decoration: underline;\"><a href=\"https:\/\/docs.google.com\/forms\/d\/1QOOav8K0Q-1ANVY1h3UsW1JvogbCPD5YOql1Y68kaFo\/viewform?edit_requested=true\" style=\"color: #e02b20; text-decoration: underline;\">ADERIRE AL PROGETTO<\/a><\/span><\/strong><\/span><br \/> 3. compilare tutti i campi del modulo di partecipazione.<\/p>\n<p>4. accettazione regolamento e privacy.<br \/> 5. Caricare il materiale fotografico in linea con le caratteristiche indicate nell\u2019art. 5 del presente bando. Ogni utente pu\u00f2 partecipare alla mostra virtuale con massimo 20 fotografie.<\/p>\n<p>Art. 5: REQUISITI IMMAGINI<\/p>\n<p>Ogni opera caricata dovr\u00e0 necessariamente attenersi ai seguenti requisiti:<br \/> \u25cf Dimensione max 2 mb<br \/> \u25cf risoluzione minima: 1024\u00a0 \u00a0risoluzione max: 2500<\/p>\n<p>\u25cf risoluzione: 150 dpi<br \/> \u25cf Formato: JPEG\/JPG, PNG<br \/> \u25cf Riportare nella denominazione del file:<br \/> autore, titolo, tecnica e misura.<br \/> In assenza di tali parametri l\u2019opera potrebbe essere soggetta alla non pubblicazione ed esclusione.<br \/> Ciascun artista garantisce:<br \/> \u25cf di essere interamente i titolari dei copyright delle opere presentate;<br \/> \u25cf se si tratta di opere fotografiche, che le persone eventualmente ritratte nelle fotografie hanno dato il loro consenso, tramite adeguata liberatoria, alla partecipazione all\u2019iniziativa delle immagini che li ritraggono e alla successiva eventuale pubblicazione da parte degli organizzatori; gli organizzatori non saranno dunque responsabili per eventuali pretese e\/o azioni di terzi tra cui, a<br \/> titolo esemplificativo e non esaustivo, richieste di risarcimento o lamentele per violazione di diritti d\u2019autore e\/o d\u2019immagine;<\/p>\n<p>\u25cf che le immagini e i relativi diritti che l\u2019autore conferisce all\u2019organizzazione non ledono alcun diritto di terzi e non contengono materiale discriminante.<br \/> Non sono ammesse opere o fotografie lesive e\/o offensive dell\u2019etica, della morale, del buongusto, dell\u2019onore e della reputazione altrui e del sentimento religioso, n\u00e9 immagini volgari raffiguranti violenza o contenenti riferimenti pubblicitari, commerciali, politici; non sono ammesse immagini che riproducono soggetti minorenni (specifico per le fotografie). In questi casi il portale si riserva la non ammissione alla mostra virtuale, non ne dar\u00e0 motivazione.<br \/> Il partecipante \u00e8 comunque responsabile del contenuto e del messaggio che la fotografia intende divulgare e, con l\u2019accettazione del presente Regolamento, esonera l\u2019Istituto Culturale dell\u2019Iran da ogni responsabilit\u00e0 civile e penale in merito, nonch\u00e9 esonera, per quanto occorrer possa tutti i soggetti comunque coinvolti nella organizzazione, nella gestione e nella promozione di questa mostra virtuale.<\/p>\n<p>Art. 6 : DESTINATARI<\/p>\n<p>La partecipazione \u00e8 aperta a tutti coloro che al momento del caricamento delle opere fotografiche abbiano raggiunto 18 anni di et\u00e0, che abbiano caricato tutte le informazioni richieste dall\u2019organizzazione per il corretto svolgimento della mostra virtuale.<br \/> Art. 7: DURATA DELLA MOSTRA<\/p>\n<p>I partecipanti alla mostra caricheranno le proprie foto che la segreteria controller\u00e0, valider\u00e0 e caricher\u00e0 sulla pagina https:\/\/www. dove permarranno fino tutto il periodo della mostra.<br \/> Al termine della mostra, la pagina che contiene le opere in esposizione sar\u00e0 spostata nella sezione archivio e rimarr\u00e0 comunque accessibile dagli utenti online.<\/p>\n<p>Art. 8: RICHIESTA DI CHIARIMENTI E QUESITI<\/p>\n<p>Eventuali richieste di chiarimenti e quesiti potranno essere rivolti esclusivamente via e-mail al seguente indirizzo: istitutoculturaleiran@gmail.com<br \/> La mail dovr\u00e0 avere come oggetto la parola: &lt; VIRTUAL EXHIBITION &gt;.<br \/> Le mail che perverranno con altro oggetto non verranno prese in considerazione.<\/p>\n<p>Art. 9: ACCETTAZIONE DEL REGOLAMENTO<\/p>\n<p>Con la partecipazione alla mostra virtuale i partecipanti accettano, senza riserva alcuna, tutte le norme contenute nel presente Regolamento. L&#8217;inosservanza di quanto in esso stabilito comporta l&#8217;automatica esclusione dalla mostra virtuale.<\/p>\n<p>Art. 10: DISPOSIZIONI GENERALI<\/p>\n<p>I soggetti di cui agli articoli 2 e 3 si riservano la possibilit\u00e0 di variare il regolamento dandone debita comunicazione con validit\u00e0 immediata.<\/p>\n<p>Art. 11: TUTELA DEI DATI PERSONALI<\/p>\n<p>Aderendo alla presente iniziativa, i partecipanti acconsentono che i dati personali forniti all\u2019Istituto Culturale dell\u2019Iran in relazione alla partecipazione all\u2019iniziativa stessa siano trattati ai sensi del D. Lgs. 196\/2003.<br \/> I dati personali saranno utilizzati dall\u2019Istituto Culturale dell\u2019Iran al fine del corretto svolgimento della mostra virtuale. Tali dati possono essere trattati a soli fini istituzionali e promozionali dai soggetti indicati agli artt. 2 e 3.<br \/> L\u2019organizzazione si riserva il diritto di utilizzare tutte le foto partecipanti per fini promozionali e istituzionali. Leggi l\u2019informativa completa sui trattamenti connessi alle attivit\u00e0 di Comunicazione \u2013Marketing e Public Relations.<br \/> Ove, con riguardo alle informazioni scambiate per effetto del presente regolamento, si rendesse necessario procedere al trattamento di dati personali di terzi (invitati, fornitori, relatori, etc.) e\/o dei dipendenti\/collaboratori delle Parti, ai sensi del D. Lgs 196\/2003 e del Reg. UE 2016\/679, le Stesse si impegnano reciprocamente:<br \/> &#8211; a trattare i suddetti dati per le sole finalit\u00e0 del presente regolamento o per ottemperare a norme di legge;<\/p>\n<p>&#8211; a scambiarsi dati pienamente utilizzabili per le finalit\u00e0 sopra citate, poich\u00e9 acquisiti in modo lecito ed avendo gi\u00e0 ottemperato, ciascuna nei confronti degli interessati di cui comunica i dati, agli obblighi<br \/> di informativa ed eventuale consenso anche per i trattamenti derivanti dall&#8217;esecuzione del presente regolamento;<\/p>\n<p>&#8211; a comunicare alla Controparte eventuali informazioni aggiuntive circa i trattamenti effettuati, cos\u00ec da porla in condizioni di rispettare il punto precedente;<br \/> &#8211; a far trattare tali dati solamente da soggetti (designati a seconda dei casi Incaricati ex art. 30 D. Lgs.196\/2003 o Responsabili ex art. 29 D. Lgs.196\/2003 e da Reg. UE 2016\/679) che afferiscono, anche in qualit\u00e0 di collaboratori esterni, alla propria organizzazione;<br \/> &#8211; a garantire agli interessati l&#8217;esercizio dei diritti ex art. 7 D. Lgs. 196\/2003 e da Reg. UE 2016\/679 Il trattamento delle informazioni e dei dati personali potr\u00e0 essere effettuato con l\u2019ausilio di strumenti manuali,<br \/> informatici e telematici, comunque con modalit\u00e0 tali da garantirne la sicurezza e la riservatezza, nel pieno rispetto delle disposizioni di legge e regolamentari vigenti.<br \/> La, ove persona fisica, si dichiara informata ex art. 13 D. Lgs. 196\/2003 e Reg. UE 2016\/679 circa i trattamenti dei suoi dati personali effettuati dall\u2019Istituto Culturale dell\u2019Iran Salvo diverso avviso del soggetto i recapiti, gli indirizzi postali e di posta elettronica forniti potranno essere utilizzati per l\u2019invio di comunicazioni di cortesia e\/o di materiale pubblicitario relativo a servizi analoghi a quelli oggetto del rapporto commerciale in essere. Resta inteso che i soggetti avranno facolt\u00e0 di opporsi in qualsiasi momento al suddetto trattamento.<\/p>\n<p>Art. 12: SEGRETERIA<\/p>\n<p>La segreteria della mostra \u00e8 presso la sede:<br \/> Istituto Culturale dell\u2019Iran<br \/> Via Maria Pezz\u00e8 pascolato, 9<br \/> Roma 00135 Roma &#8211; Italia<br \/> Email: istitutoculturaleiran@gmail.com<br \/> www.irancultura.it<\/p>\n<p>Art. 13: INTERPRETAZIONE DEL REGOLAMENTO<br \/> Per l\u2019interpretazione del regolamento fa fede esclusivamente il presente testo in italiano.<\/p>\n<p>Art. 14: FORO COMPETENTE<\/p>\n<p>Ogni divergenza in merito all\u2019interpretazione o all\u2019applicazione del presente regolamento sar\u00e0 risolta attraverso consultazioni e negoziazioni tra le parti e comunque il Foro Competente \u00e8 Roma, Italia<\/p>\n<p>[\/et_pb_toggle][\/et_pb_column][et_pb_column type=&#8221;1_4&#8243; _builder_version=&#8221;4.9.0&#8243; _module_preset=&#8221;default&#8221; global_colors_info=&#8221;{}&#8221;][et_pb_button button_url=&#8221;https:\/\/docs.google.com\/forms\/d\/1QOOav8K0Q-1ANVY1h3UsW1JvogbCPD5YOql1Y68kaFo\/viewform?edit_requested=true&#8221; button_text=&#8221;ADERIRE AL PROGETTO&#8221; button_alignment=&#8221;center&#8221; _builder_version=&#8221;4.9.0&#8243; _module_preset=&#8221;default&#8221; custom_button=&#8221;on&#8221; button_text_size=&#8221;16px&#8221; button_text_color=&#8221;#FFFFFF&#8221; button_bg_color=&#8221;#d94b2b&#8221; button_bg_color_gradient_start=&#8221;#d94b2b&#8221; button_bg_color_gradient_end=&#8221;rgba(0,0,0,0)&#8221; button_bg_color_gradient_direction=&#8221;90deg&#8221; button_bg_color_gradient_start_position=&#8221;50%&#8221; button_bg_color_gradient_end_position=&#8221;50%&#8221; global_colors_info=&#8221;{}&#8221;][\/et_pb_button][\/et_pb_column][\/et_pb_row][\/et_pb_section]<\/p>\n","protected":false},"excerpt":{"rendered":"<p>ADERISCI AL PROGETTO VIRTUAL GALLERY Istituto cultura della repubblica islamoca dell\u2019iran sta realizzando un ricco calendario di iniziative nel campo delle arti visive per dare la possibilit\u00e0 agli artisti di esporre le loro opere sulla nostra piattaforma realizzando eventi e le mostre virtuali . PITTURASCULTURAGRAFICAFOTOGRAFICATANTO ALTROPREMESSA Crediamo fortemente che il mondo dell\u2019arte debba essere sostenuto [&hellip;]<\/p>\n","protected":false},"author":1,"featured_media":0,"parent":0,"menu_order":0,"comment_status":"closed","ping_status":"closed","template":"","meta":{"_et_pb_use_builder":"on","_et_pb_old_content":"","_et_gb_content_width":"","footnotes":""},"class_list":["post-1098","page","type-page","status-publish","hentry"],"_links":{"self":[{"href":"https:\/\/www.irancultura.it\/iranart\/wp-json\/wp\/v2\/pages\/1098","targetHints":{"allow":["GET"]}}],"collection":[{"href":"https:\/\/www.irancultura.it\/iranart\/wp-json\/wp\/v2\/pages"}],"about":[{"href":"https:\/\/www.irancultura.it\/iranart\/wp-json\/wp\/v2\/types\/page"}],"author":[{"embeddable":true,"href":"https:\/\/www.irancultura.it\/iranart\/wp-json\/wp\/v2\/users\/1"}],"replies":[{"embeddable":true,"href":"https:\/\/www.irancultura.it\/iranart\/wp-json\/wp\/v2\/comments?post=1098"}],"version-history":[{"count":14,"href":"https:\/\/www.irancultura.it\/iranart\/wp-json\/wp\/v2\/pages\/1098\/revisions"}],"predecessor-version":[{"id":257424,"href":"https:\/\/www.irancultura.it\/iranart\/wp-json\/wp\/v2\/pages\/1098\/revisions\/257424"}],"wp:attachment":[{"href":"https:\/\/www.irancultura.it\/iranart\/wp-json\/wp\/v2\/media?parent=1098"}],"curies":[{"name":"wp","href":"https:\/\/api.w.org\/{rel}","templated":true}]}}